{"id":3802,"date":"2020-04-23T11:54:42","date_gmt":"2020-04-23T11:54:42","guid":{"rendered":"http:\/\/www.darthy.com\/producto\/gran-cafe-de-ambos-mundos-zaragoza-polvera-1920\/"},"modified":"2020-04-29T09:44:08","modified_gmt":"2020-04-29T09:44:08","slug":"gran-cafe-de-ambos-mundos-zaragoza-polvera-1920","status":"publish","type":"product","link":"https:\/\/www.darthy.com\/en\/product\/gran-cafe-de-ambos-mundos-zaragoza-polvera-1920\/","title":{"rendered":"Gran Caf\u00e9 de Ambos Mundos Zaragoza Polvera 1920"},"content":{"rendered":"<p>Gran Caf\u00e9 de Ambos Mundos, Zaragoza<\/p>\n<p>Polvera Circa 1920<\/p>\n<p>Muy rara en muy buen estado, interior con maquillaje original<\/p>\n<p>Coleccionistas de historia de Zaragoza y perfumistas<\/p>\n<p>Uno de los grandes caf\u00e9s de Europa<\/p>\n<div class=\"MsoNormal\" style=\"text-align: justify;\">Situado junto a la <b>calle Casa Jim\u00e9nez<\/b>, en <b>pleno Paseo de la Independencia<\/b>, en los n\u00fameros 32 y 34, en la \u00faltima zona de los porches y en los locales que luego fueron banco y ahora oficinas de la DGA, con un jard\u00edn trasero para las tardes de verano que llegaba hasta la calle Ponzano, se inaugur\u00f3 el 4 de octubre de 1881 el <b>Caf\u00e9 Ambos Mundos<\/b> que fue una referencia ineludible de la hosteler\u00eda zaragozana y de los visitantes de la ciudad en aquellas d\u00e9cadas. Ocupaba cuatro naves y los bajos de una manzana completa, con una atrevida arquitectura y decoraci\u00f3n interior.\n<\/div>\n<div class=\"MsoNormal\" style=\"text-align: justify;\">Por su enorme tama\u00f1o se le puso el nombre de <b>\u201cAmbos Mundos\u201d<\/b> por parte de sus primeros due\u00f1os <b>Manuel Puig y Jos\u00e9 S\u00e1nchez.<\/b> Fue <b>decorado y pintado por Alejo Pescador<\/b> actuando de director de obras <b>Antonio Miranda.<\/b> A los 8 a\u00f1os de abrir <b>Jos\u00e9 S\u00e1nchez<\/b> tuvo que ceder su parte por impagos al <b>Banco de Cr\u00e9dito de Zaragoza,<\/b> propietario de los locales. En el a\u00f1o 1901 cambi\u00f3 de titularidad al venderse el <b>caf\u00e9 Ambos Mundos<\/b> a <b>Pablo Calvete, Mariano Pobes y Remigio Marco<\/b> quieren tuvieron la propiedad hasta el a\u00f1o 1923, en que se vendi\u00f3 a <b>Luis Pascual,<\/b> con importantes transformaciones en su interior.<\/div>\n<div class=\"MsoNormal\" style=\"text-align: justify;\"><\/div>\n<div class=\"MsoNormal\" style=\"text-align: justify;\">Cerr\u00f3 sus puertas en 1955<\/div>\n<div class=\"MsoNormal\" style=\"text-align: justify;\"><\/div>\n<p>Our <a href=\"http:\/\/www.darthy.com\/en\/politica-de-envios-y-devoluciones\/\">delivery service<\/a> works every day in order to get your orders to you in 48 hours or less.<\/p>\n<p>Con el proposito de que el materia llegue en las mejores condiciones, nuestro embalajes estan hechos con el m\u00e1ximo esmero, todos nuestros envios, tambien estan asegurados en caso de extravio o rotura.<\/p>\n<p>Surely many of you know our physical store, many of the fans of Vintage HiFi and collecting has visited us. Because many of our friends can not visit us by distance, we decided to strengthen our website, so you can see our products almost coughing from your devices, so if you see something that may interest you, you can place your orders comfortably from your house.<\/p>\n<p>At the time of placing your order, we will make the shipment quickly so that you can enjoy it as soon as possible in your home.<\/p>\n<p>Our <a href=\"http:\/\/www.darthy.com\/en\/politica-de-envios-y-devoluciones\/\">delivery service<\/a> works every day in order to send your orders in 48 hours or less. With the purpose that the material arrives in the best conditions, our packages are made with the utmost care, all our shipments are also insured in case of loss or breakage.<\/p>","protected":false},"excerpt":{"rendered":"<p>Gran Caf\u00e9 de Ambos Mundos, Zaragoza Polvera Circa 1920 Muy rara en muy buen estado, interior con maquillaje original Coleccionistas de historia de Zaragoza y perfumistas Uno de los grandes caf\u00e9s de Europa Situado junto a la calle Casa Jim\u00e9nez, en pleno Paseo de la Independencia, en los n\u00fameros 32 y 34, en la \u00faltima [&hellip;]<\/p>\n","protected":false},"featured_media":3803,"template":"","meta":{"_exactmetrics_skip_tracking":false,"_exactmetrics_sitenote_active":false,"_exactmetrics_sitenote_note":"","_exactmetrics_sitenote_category":0,"ocean_post_layout":"","ocean_both_sidebars_style":"","ocean_both_sidebars_content_width":0,"ocean_both_sidebars_sidebars_width":0,"ocean_sidebar":"","ocean_second_sidebar":"","ocean_disable_margins":"enable","ocean_add_body_class":"","ocean_shortcode_before_top_bar":"","ocean_shortcode_after_top_bar":"","ocean_shortcode_before_header":"","ocean_shortcode_after_header":"","ocean_has_shortcode":"","ocean_shortcode_after_title":"","ocean_shortcode_before_footer_widgets":"","ocean_shortcode_after_footer_widgets":"","ocean_shortcode_before_footer_bottom":"","ocean_shortcode_after_footer_bottom":"","ocean_display_top_bar":"default","ocean_display_header":"default","ocean_header_style":"","ocean_center_header_left_menu":"","ocean_custom_header_template":"","ocean_custom_logo":0,"ocean_custom_retina_logo":0,"ocean_custom_logo_max_width":0,"ocean_custom_logo_tablet_max_width":0,"ocean_custom_logo_mobile_max_width":0,"ocean_custom_logo_max_height":0,"ocean_custom_logo_tablet_max_height":0,"ocean_custom_logo_mobile_max_height":0,"ocean_header_custom_menu":"","ocean_menu_typo_font_family":"","ocean_menu_typo_font_subset":"","ocean_menu_typo_font_size":0,"ocean_menu_typo_font_size_tablet":0,"ocean_menu_typo_font_size_mobile":0,"ocean_menu_typo_font_size_unit":"px","ocean_menu_typo_font_weight":"","ocean_menu_typo_font_weight_tablet":"","ocean_menu_typo_font_weight_mobile":"","ocean_menu_typo_transform":"","ocean_menu_typo_transform_tablet":"","ocean_menu_typo_transform_mobile":"","ocean_menu_typo_line_height":0,"ocean_menu_typo_line_height_tablet":0,"ocean_menu_typo_line_height_mobile":0,"ocean_menu_typo_line_height_unit":"","ocean_menu_typo_spacing":0,"ocean_menu_typo_spacing_tablet":0,"ocean_menu_typo_spacing_mobile":0,"ocean_menu_typo_spacing_unit":"","ocean_menu_link_color":"","ocean_menu_link_color_hover":"","ocean_menu_link_color_active":"","ocean_menu_link_background":"","ocean_menu_link_hover_background":"","ocean_menu_link_active_background":"","ocean_menu_social_links_bg":"","ocean_menu_social_hover_links_bg":"","ocean_menu_social_links_color":"","ocean_menu_social_hover_links_color":"","ocean_disable_title":"default","ocean_disable_heading":"default","ocean_post_title":"","ocean_post_subheading":"","ocean_post_title_style":"","ocean_post_title_background_color":"","ocean_post_title_background":0,"ocean_post_title_bg_image_position":"","ocean_post_title_bg_image_attachment":"","ocean_post_title_bg_image_repeat":"","ocean_post_title_bg_image_size":"","ocean_post_title_height":0,"ocean_post_title_bg_overlay":0.5,"ocean_post_title_bg_overlay_color":"","ocean_disable_breadcrumbs":"default","ocean_breadcrumbs_color":"","ocean_breadcrumbs_separator_color":"","ocean_breadcrumbs_links_color":"","ocean_breadcrumbs_links_hover_color":"","ocean_display_footer_widgets":"default","ocean_display_footer_bottom":"default","ocean_custom_footer_template":""},"product_brand":[],"product_cat":[44],"product_tag":[1987,1990,1989,1988],"class_list":{"0":"post-3802","1":"product","2":"type-product","3":"status-publish","4":"has-post-thumbnail","6":"product_cat-rastrillo-brocante","7":"product_tag-gran-cafe-de-ambos-mundos","8":"product_tag-gran-cafe-zaragoza","9":"product_tag-polvera","10":"product_tag-zaragoza-polvera-1920","12":"entry","13":"has-media","15":"first","16":"instock","17":"sold-individually","18":"shipping-taxable","19":"purchasable","20":"product-type-simple","21":"has-product-nav","22":"col","23":"span_1_of_3","24":"owp-content-center","25":"owp-thumbs-layout-horizontal","26":"owp-btn-normal","27":"owp-tabs-layout-section"},"_links":{"self":[{"href":"https:\/\/www.darthy.com\/en\/wp-json\/wp\/v2\/product\/3802","targetHints":{"allow":["GET"]}}],"collection":[{"href":"https:\/\/www.darthy.com\/en\/wp-json\/wp\/v2\/product"}],"about":[{"href":"https:\/\/www.darthy.com\/en\/wp-json\/wp\/v2\/types\/product"}],"wp:featuredmedia":[{"embeddable":true,"href":"https:\/\/www.darthy.com\/en\/wp-json\/wp\/v2\/media\/3803"}],"wp:attachment":[{"href":"https:\/\/www.darthy.com\/en\/wp-json\/wp\/v2\/media?parent=3802"}],"wp:term":[{"taxonomy":"product_brand","embeddable":true,"href":"https:\/\/www.darthy.com\/en\/wp-json\/wp\/v2\/product_brand?post=3802"},{"taxonomy":"product_cat","embeddable":true,"href":"https:\/\/www.darthy.com\/en\/wp-json\/wp\/v2\/product_cat?post=3802"},{"taxonomy":"product_tag","embeddable":true,"href":"https:\/\/www.darthy.com\/en\/wp-json\/wp\/v2\/product_tag?post=3802"}],"curies":[{"name":"wp","href":"https:\/\/api.w.org\/{rel}","templated":true}]}}

Gran Café de Ambos Mundos Zaragoza Polvera 1920

<p>Gran Café de Ambos Mundos, Zaragoza</p>
<p>Polvera Circa 1920</p>
<p>Muy rara en muy buen estado, interior con maquillaje original</p>
<p>Coleccionistas de historia de Zaragoza y perfumistas</p>
<p>Uno de los grandes cafés de Europa</p>
<div class="MsoNormal" style="text-align: justify;">Situado junto a la <b>calle Casa Jiménez</b>, en <b>pleno Paseo de la Independencia</b>, en los números 32 y 34, en la última zona de los porches y en los locales que luego fueron banco y ahora oficinas de la DGA, con un jardín trasero para las tardes de verano que llegaba hasta la calle Ponzano, se inauguró el 4 de octubre de 1881 el <b>Café Ambos Mundos</b> que fue una referencia ineludible de la hostelería zaragozana y de los visitantes de la ciudad en aquellas décadas. Ocupaba cuatro naves y los bajos de una manzana completa, con una atrevida arquitectura y decoración interior.
</div>
<div class="MsoNormal" style="text-align: justify;">Por su enorme tamaño se le puso el nombre de <b>“Ambos Mundos”</b> por parte de sus primeros dueños <b>Manuel Puig y José Sánchez.</b> Fue <b>decorado y pintado por Alejo Pescador</b> actuando de director de obras <b>Antonio Miranda.</b> A los 8 años de abrir <b>José Sánchez</b> tuvo que ceder su parte por impagos al <b>Banco de Crédito de Zaragoza,</b> propietario de los locales. En el año 1901 cambió de titularidad al venderse el <b>café Ambos Mundos</b> a <b>Pablo Calvete, Mariano Pobes y Remigio Marco</b> quieren tuvieron la propiedad hasta el año 1923, en que se vendió a <b>Luis Pascual,</b> con importantes transformaciones en su interior.</div>
<div class="MsoNormal" style="text-align: justify;"></div>
<div class="MsoNormal" style="text-align: justify;">Cerró sus puertas en 1955</div>
<div class="MsoNormal" style="text-align: justify;"></div>
<p>Our <a href="http://www.darthy.com/en/politica-de-envios-y-devoluciones/">delivery service</a> works every day in order to get your orders to you in 48 hours or less.</p>
<p>Con el proposito de que el materia llegue en las mejores condiciones, nuestro embalajes estan hechos con el máximo esmero, todos nuestros envios, tambien estan asegurados en caso de extravio o rotura.</p>
<p>Surely many of you know our physical store, many of the fans of Vintage HiFi and collecting has visited us. Because many of our friends can not visit us by distance, we decided to strengthen our website, so you can see our products almost coughing from your devices, so if you see something that may interest you, you can place your orders comfortably from your house.</p>
<p>At the time of placing your order, we will make the shipment quickly so that you can enjoy it as soon as possible in your home.</p>
<p>Our <a href="http://www.darthy.com/en/politica-de-envios-y-devoluciones/">delivery service</a> works every day in order to send your orders in 48 hours or less. With the purpose that the material arrives in the best conditions, our packages are made with the utmost care, all our shipments are also insured in case of loss or breakage.</p>

<p>Gran Café de Ambos Mundos, Zaragoza Polvera Circa 1920 Muy rara en muy buen estado, interior con maquillaje original Coleccionistas de historia de Zaragoza y perfumistas Uno de los grandes cafés de Europa Situado junto a la calle Casa Jiménez, en pleno Paseo de la Independencia, en los números 32 y 34, en la última [&hellip;]</p>
